{"id":38,"date":"2025-07-04T10:54:07","date_gmt":"2025-07-04T08:54:07","guid":{"rendered":"https:\/\/www.rehab.se\/?page_id=38"},"modified":"2026-03-13T09:10:17","modified_gmt":"2026-03-13T08:10:17","slug":"vara-tjanster","status":"publish","type":"page","link":"https:\/\/www.rehab.se\/vara-tjanster\/","title":{"rendered":"V\u00e5ra tj\u00e4nster"},"content":{"rendered":"\n<p>Vi erbjuder ett brett utbud av tj\u00e4nster inom rehabilitering, friskv\u00e5rd och tr\u00e4ning. Allt samlat under ett och samma tak i T\u00e4by. Oavsett om du s\u00f6ker behandling, vill tr\u00e4na sj\u00e4lvst\u00e4ndigt eller delta i en av v\u00e5ra friskv\u00e5rdskurser, finns vi h\u00e4r f\u00f6r att st\u00f6tta dig p\u00e5 v\u00e4gen mot \u00f6kat v\u00e4lm\u00e5ende.<\/p>\n\n\n\n<p>Klicka dig vidare f\u00f6r att l\u00e4sa mer om v\u00e5ra olika omr\u00e5den och hitta det som passar just dig.<\/p>\n\n\n\n<div class=\"wp-block-columns is-layout-flex wp-container-core-columns-is-layout-9d6595d7 wp-block-columns-is-layout-flex\">\n<div class=\"wp-block-column is-layout-flow wp-block-column-is-layout-flow\">\n<div class=\"wp-block-cover\"><img loading=\"lazy\" decoding=\"async\" width=\"1024\" height=\"683\" class=\"wp-block-cover__image-background wp-image-684 size-large\" alt=\"\" src=\"https:\/\/www.rehab.se\/wp-content\/uploads\/2026\/02\/TannerydPhotography_251008_0925_webb-1024x683.jpg\" style=\"object-position:75% 59%\" data-object-fit=\"cover\" data-object-position=\"75% 59%\" srcset=\"https:\/\/www.rehab.se\/wp-content\/uploads\/2026\/02\/TannerydPhotography_251008_0925_webb-1024x683.jpg 1024w, https:\/\/www.rehab.se\/wp-content\/uploads\/2026\/02\/TannerydPhotography_251008_0925_webb-300x200.jpg 300w, https:\/\/www.rehab.se\/wp-content\/uploads\/2026\/02\/TannerydPhotography_251008_0925_webb-768x513.jpg 768w, https:\/\/www.rehab.se\/wp-content\/uploads\/2026\/02\/TannerydPhotography_251008_0925_webb.jpg 1500w\" sizes=\"auto, (max-width: 1024px) 100vw, 1024px\" \/><span aria-hidden=\"true\" class=\"wp-block-cover__background has-svart-background-color has-background-dim-30 has-background-dim\"><\/span><div class=\"wp-block-cover__inner-container is-layout-flow wp-block-cover-is-layout-flow\">\n<div style=\"height:114px\" aria-hidden=\"true\" class=\"wp-block-spacer\"><\/div>\n\n\n\n<div class=\"wp-block-buttons is-content-justification-center is-layout-flex wp-container-core-buttons-is-layout-16018d1d wp-block-buttons-is-layout-flex\">\n<div class=\"wp-block-button\"><a class=\"wp-block-button__link has-medium-font-size has-custom-font-size wp-element-button\" href=\"https:\/\/www.rehab.se\/?page_id=52\" style=\"border-radius:10px\">Fysioterapi<\/a><\/div>\n<\/div>\n\n\n\n<div style=\"height:55px\" aria-hidden=\"true\" class=\"wp-block-spacer\"><\/div>\n\n\n<div class=\"wp-block-image\">\n<figure class=\"aligncenter size-large is-resized\"><img loading=\"lazy\" decoding=\"async\" width=\"1024\" height=\"261\" src=\"https:\/\/www.rehab.se\/wp-content\/uploads\/2026\/03\/RS_symbol_uppdrag_vit_RGB-1024x261.png\" alt=\"\" class=\"wp-image-788\" style=\"aspect-ratio:3.923890063424947;width:186px;height:auto\" srcset=\"https:\/\/www.rehab.se\/wp-content\/uploads\/2026\/03\/RS_symbol_uppdrag_vit_RGB-1024x261.png 1024w, https:\/\/www.rehab.se\/wp-content\/uploads\/2026\/03\/RS_symbol_uppdrag_vit_RGB-300x77.png 300w, https:\/\/www.rehab.se\/wp-content\/uploads\/2026\/03\/RS_symbol_uppdrag_vit_RGB-768x196.png 768w, https:\/\/www.rehab.se\/wp-content\/uploads\/2026\/03\/RS_symbol_uppdrag_vit_RGB-1536x392.png 1536w, https:\/\/www.rehab.se\/wp-content\/uploads\/2026\/03\/RS_symbol_uppdrag_vit_RGB-2048x523.png 2048w\" sizes=\"auto, (max-width: 1024px) 100vw, 1024px\" \/><\/figure>\n<\/div><\/div><\/div>\n\n\n\n<div style=\"height:30px\" aria-hidden=\"true\" class=\"wp-block-spacer\"><\/div>\n\n\n\n<div class=\"wp-block-cover\"><img loading=\"lazy\" decoding=\"async\" width=\"1024\" height=\"683\" class=\"wp-block-cover__image-background wp-image-656 size-large\" alt=\"\" src=\"https:\/\/www.rehab.se\/wp-content\/uploads\/2026\/02\/TannerydPhotography_251008_0080_webb-1024x683.jpg\" style=\"object-position:42% 53%\" data-object-fit=\"cover\" data-object-position=\"42% 53%\" srcset=\"https:\/\/www.rehab.se\/wp-content\/uploads\/2026\/02\/TannerydPhotography_251008_0080_webb-1024x683.jpg 1024w, https:\/\/www.rehab.se\/wp-content\/uploads\/2026\/02\/TannerydPhotography_251008_0080_webb-300x200.jpg 300w, https:\/\/www.rehab.se\/wp-content\/uploads\/2026\/02\/TannerydPhotography_251008_0080_webb-768x512.jpg 768w, https:\/\/www.rehab.se\/wp-content\/uploads\/2026\/02\/TannerydPhotography_251008_0080_webb.jpg 1500w\" sizes=\"auto, (max-width: 1024px) 100vw, 1024px\" \/><span aria-hidden=\"true\" class=\"wp-block-cover__background has-svart-background-color has-background-dim-30 has-background-dim\"><\/span><div class=\"wp-block-cover__inner-container is-layout-flow wp-block-cover-is-layout-flow\">\n<div class=\"wp-block-buttons has-custom-font-size has-medium-font-size is-content-justification-center is-layout-flex wp-container-core-buttons-is-layout-16018d1d wp-block-buttons-is-layout-flex\">\n<div class=\"wp-block-button\"><a class=\"wp-block-button__link wp-element-button\" href=\"https:\/\/www.rehab.se\/?page_id=56\" style=\"border-radius:10px\">     Gym     <\/a><\/div>\n<\/div>\n<\/div><\/div>\n<\/div>\n\n\n\n<div class=\"wp-block-column is-layout-flow wp-block-column-is-layout-flow\">\n<div class=\"wp-block-cover\"><img loading=\"lazy\" decoding=\"async\" width=\"1024\" height=\"683\" class=\"wp-block-cover__image-background wp-image-679 size-large\" alt=\"\" src=\"https:\/\/www.rehab.se\/wp-content\/uploads\/2026\/02\/TannerydPhotography_251008_0839_webb-1024x683.jpg\" style=\"object-position:43% 56%\" data-object-fit=\"cover\" data-object-position=\"43% 56%\" srcset=\"https:\/\/www.rehab.se\/wp-content\/uploads\/2026\/02\/TannerydPhotography_251008_0839_webb-1024x683.jpg 1024w, https:\/\/www.rehab.se\/wp-content\/uploads\/2026\/02\/TannerydPhotography_251008_0839_webb-300x200.jpg 300w, https:\/\/www.rehab.se\/wp-content\/uploads\/2026\/02\/TannerydPhotography_251008_0839_webb-768x512.jpg 768w, https:\/\/www.rehab.se\/wp-content\/uploads\/2026\/02\/TannerydPhotography_251008_0839_webb.jpg 1500w\" sizes=\"auto, (max-width: 1024px) 100vw, 1024px\" \/><span aria-hidden=\"true\" class=\"wp-block-cover__background has-svart-background-color has-background-dim-30 has-background-dim\"><\/span><div class=\"wp-block-cover__inner-container is-layout-flow wp-block-cover-is-layout-flow\">\n<div class=\"wp-block-buttons has-custom-font-size has-medium-font-size is-content-justification-center is-layout-flex wp-container-core-buttons-is-layout-16018d1d wp-block-buttons-is-layout-flex\">\n<div class=\"wp-block-button\"><a class=\"wp-block-button__link wp-element-button\" href=\"https:\/\/www.rehab.se\/?page_id=60\" style=\"border-radius:10px\">Kiropraktik<\/a><\/div>\n<\/div>\n<\/div><\/div>\n\n\n\n<div style=\"height:30px\" aria-hidden=\"true\" class=\"wp-block-spacer\"><\/div>\n\n\n\n<div class=\"wp-block-cover\"><img loading=\"lazy\" decoding=\"async\" width=\"683\" height=\"1024\" class=\"wp-block-cover__image-background wp-image-653 size-large\" alt=\"\" src=\"https:\/\/www.rehab.se\/wp-content\/uploads\/2026\/02\/TannerydPhotography_251008_0001_webb-683x1024.jpg\" data-object-fit=\"cover\" srcset=\"https:\/\/www.rehab.se\/wp-content\/uploads\/2026\/02\/TannerydPhotography_251008_0001_webb-683x1024.jpg 683w, https:\/\/www.rehab.se\/wp-content\/uploads\/2026\/02\/TannerydPhotography_251008_0001_webb-200x300.jpg 200w, https:\/\/www.rehab.se\/wp-content\/uploads\/2026\/02\/TannerydPhotography_251008_0001_webb-768x1152.jpg 768w, https:\/\/www.rehab.se\/wp-content\/uploads\/2026\/02\/TannerydPhotography_251008_0001_webb.jpg 1000w\" sizes=\"auto, (max-width: 683px) 100vw, 683px\" \/><span aria-hidden=\"true\" class=\"wp-block-cover__background has-svart-background-color has-background-dim-30 has-background-dim\"><\/span><div class=\"wp-block-cover__inner-container is-layout-flow wp-block-cover-is-layout-flow\">\n<div class=\"wp-block-buttons has-custom-font-size has-medium-font-size is-content-justification-center is-layout-flex wp-container-core-buttons-is-layout-16018d1d wp-block-buttons-is-layout-flex\">\n<div class=\"wp-block-button\"><a class=\"wp-block-button__link wp-element-button\" href=\"https:\/\/www.rehab.se\/?page_id=62\" style=\"border-radius:10px\">Friskv\u00e5rdskurser<\/a><\/div>\n<\/div>\n<\/div><\/div>\n<\/div>\n\n\n\n<div class=\"wp-block-column is-layout-flow wp-block-column-is-layout-flow\">\n<div class=\"wp-block-cover\"><img loading=\"lazy\" decoding=\"async\" width=\"683\" height=\"1024\" class=\"wp-block-cover__image-background wp-image-654 size-large\" alt=\"\" src=\"https:\/\/www.rehab.se\/wp-content\/uploads\/2026\/02\/TannerydPhotography_251008_0041_webb-683x1024.jpg\" style=\"object-position:28% 13%\" data-object-fit=\"cover\" data-object-position=\"28% 13%\" srcset=\"https:\/\/www.rehab.se\/wp-content\/uploads\/2026\/02\/TannerydPhotography_251008_0041_webb-683x1024.jpg 683w, https:\/\/www.rehab.se\/wp-content\/uploads\/2026\/02\/TannerydPhotography_251008_0041_webb-200x300.jpg 200w, https:\/\/www.rehab.se\/wp-content\/uploads\/2026\/02\/TannerydPhotography_251008_0041_webb-768x1152.jpg 768w, https:\/\/www.rehab.se\/wp-content\/uploads\/2026\/02\/TannerydPhotography_251008_0041_webb.jpg 1000w\" sizes=\"auto, (max-width: 683px) 100vw, 683px\" \/><span aria-hidden=\"true\" class=\"wp-block-cover__background has-svart-background-color has-background-dim-30 has-background-dim\"><\/span><div class=\"wp-block-cover__inner-container is-layout-flow wp-block-cover-is-layout-flow\">\n<div style=\"height:114px\" aria-hidden=\"true\" class=\"wp-block-spacer\"><\/div>\n\n\n\n<div class=\"wp-block-buttons has-custom-font-size has-medium-font-size is-content-justification-center is-layout-flex wp-container-core-buttons-is-layout-16018d1d wp-block-buttons-is-layout-flex\">\n<div class=\"wp-block-button\"><a class=\"wp-block-button__link wp-element-button\" href=\"https:\/\/www.rehab.se\/?page_id=582\" style=\"border-radius:10px\">Ultraljud<\/a><\/div>\n<\/div>\n\n\n\n<div style=\"height:55px\" aria-hidden=\"true\" class=\"wp-block-spacer\"><\/div>\n\n\n<div class=\"wp-block-image\">\n<figure class=\"aligncenter size-large is-resized\"><img loading=\"lazy\" decoding=\"async\" width=\"1024\" height=\"261\" src=\"https:\/\/www.rehab.se\/wp-content\/uploads\/2026\/03\/RS_symbol_uppdrag_vit_RGB-1024x261.png\" alt=\"\" class=\"wp-image-788\" style=\"aspect-ratio:3.923890063424947;width:186px;height:auto\" srcset=\"https:\/\/www.rehab.se\/wp-content\/uploads\/2026\/03\/RS_symbol_uppdrag_vit_RGB-1024x261.png 1024w, https:\/\/www.rehab.se\/wp-content\/uploads\/2026\/03\/RS_symbol_uppdrag_vit_RGB-300x77.png 300w, https:\/\/www.rehab.se\/wp-content\/uploads\/2026\/03\/RS_symbol_uppdrag_vit_RGB-768x196.png 768w, https:\/\/www.rehab.se\/wp-content\/uploads\/2026\/03\/RS_symbol_uppdrag_vit_RGB-1536x392.png 1536w, https:\/\/www.rehab.se\/wp-content\/uploads\/2026\/03\/RS_symbol_uppdrag_vit_RGB-2048x523.png 2048w\" sizes=\"auto, (max-width: 1024px) 100vw, 1024px\" \/><\/figure>\n<\/div><\/div><\/div>\n\n\n\n<div style=\"height:30px\" aria-hidden=\"true\" class=\"wp-block-spacer\"><\/div>\n\n\n\n<div class=\"wp-block-cover\"><img loading=\"lazy\" decoding=\"async\" width=\"1024\" height=\"685\" class=\"wp-block-cover__image-background wp-image-448\" alt=\"\" src=\"https:\/\/www.rehab.se\/wp-content\/uploads\/2025\/07\/pexels-pixabay-275768-1024x685.jpg\" data-object-fit=\"cover\" srcset=\"https:\/\/www.rehab.se\/wp-content\/uploads\/2025\/07\/pexels-pixabay-275768-1024x685.jpg 1024w, https:\/\/www.rehab.se\/wp-content\/uploads\/2025\/07\/pexels-pixabay-275768-300x201.jpg 300w, https:\/\/www.rehab.se\/wp-content\/uploads\/2025\/07\/pexels-pixabay-275768-768x514.jpg 768w, https:\/\/www.rehab.se\/wp-content\/uploads\/2025\/07\/pexels-pixabay-275768-1536x1028.jpg 1536w, https:\/\/www.rehab.se\/wp-content\/uploads\/2025\/07\/pexels-pixabay-275768-2048x1371.jpg 2048w\" sizes=\"auto, (max-width: 1024px) 100vw, 1024px\" \/><span aria-hidden=\"true\" class=\"wp-block-cover__background has-svart-background-color has-background-dim-30 has-background-dim\"><\/span><div class=\"wp-block-cover__inner-container is-layout-flow wp-block-cover-is-layout-flow\">\n<div class=\"wp-block-buttons has-custom-font-size has-medium-font-size is-content-justification-center is-layout-flex wp-container-core-buttons-is-layout-16018d1d wp-block-buttons-is-layout-flex\">\n<div class=\"wp-block-button\"><a class=\"wp-block-button__link wp-element-button\" href=\"https:\/\/www.rehab.se\/?page_id=54\" style=\"border-radius:10px\">Massage<\/a><\/div>\n<\/div>\n<\/div><\/div>\n<\/div>\n<\/div>\n\n\n\n<div class=\"wp-block-columns is-layout-flex wp-container-core-columns-is-layout-9d6595d7 wp-block-columns-is-layout-flex\">\n<div class=\"wp-block-column is-layout-flow wp-block-column-is-layout-flow\"><\/div>\n\n\n\n<div class=\"wp-block-column is-layout-flow wp-block-column-is-layout-flow\"><\/div>\n\n\n\n<div class=\"wp-block-column is-layout-flow wp-block-column-is-layout-flow\"><\/div>\n\n\n\n<div class=\"wp-block-column is-layout-flow wp-block-column-is-layout-flow\"><\/div>\n\n\n\n<div class=\"wp-block-column is-layout-flow wp-block-column-is-layout-flow\"><\/div>\n<\/div>\n","protected":false},"excerpt":{"rendered":"<p>Vi erbjuder ett brett utbud av tj\u00e4nster inom rehabilitering, friskv\u00e5rd och tr\u00e4ning. Allt samlat under ett och samma tak i T\u00e4by. Oavsett om du s\u00f6ker behandling, vill tr\u00e4na sj\u00e4lvst\u00e4ndigt eller delta i en av v\u00e5ra friskv\u00e5rdskurser, finns vi h\u00e4r f\u00f6r att st\u00f6tta dig p\u00e5 v\u00e4gen mot \u00f6kat v\u00e4lm\u00e5ende. Klicka dig vidare f\u00f6r att l\u00e4sa mer &#8230; <a title=\"V\u00e5ra tj\u00e4nster\" class=\"read-more\" href=\"https:\/\/www.rehab.se\/vara-tjanster\/\" aria-label=\"L\u00e4s mer om V\u00e5ra tj\u00e4nster\">L\u00e4s mer<\/a><\/p>\n","protected":false},"author":1,"featured_media":0,"parent":0,"menu_order":0,"comment_status":"closed","ping_status":"closed","template":"","meta":{"footnotes":""},"class_list":["post-38","page","type-page","status-publish"],"_links":{"self":[{"href":"https:\/\/www.rehab.se\/wp-json\/wp\/v2\/pages\/38","targetHints":{"allow":["GET"]}}],"collection":[{"href":"https:\/\/www.rehab.se\/wp-json\/wp\/v2\/pages"}],"about":[{"href":"https:\/\/www.rehab.se\/wp-json\/wp\/v2\/types\/page"}],"author":[{"embeddable":true,"href":"https:\/\/www.rehab.se\/wp-json\/wp\/v2\/users\/1"}],"replies":[{"embeddable":true,"href":"https:\/\/www.rehab.se\/wp-json\/wp\/v2\/comments?post=38"}],"version-history":[{"count":13,"href":"https:\/\/www.rehab.se\/wp-json\/wp\/v2\/pages\/38\/revisions"}],"predecessor-version":[{"id":872,"href":"https:\/\/www.rehab.se\/wp-json\/wp\/v2\/pages\/38\/revisions\/872"}],"wp:attachment":[{"href":"https:\/\/www.rehab.se\/wp-json\/wp\/v2\/media?parent=38"}],"curies":[{"name":"wp","href":"https:\/\/api.w.org\/{rel}","templated":true}]}}