{"id":54,"date":"2025-07-04T11:56:39","date_gmt":"2025-07-04T09:56:39","guid":{"rendered":"https:\/\/www.rehab.se\/?page_id=54"},"modified":"2026-03-10T15:26:57","modified_gmt":"2026-03-10T14:26:57","slug":"massage","status":"publish","type":"page","link":"https:\/\/www.rehab.se\/massage\/","title":{"rendered":"Massage p\u00e5 T\u00e4by Rehab Center"},"content":{"rendered":"\n<figure class=\"wp-block-image size-large is-style-default\"><img loading=\"lazy\" decoding=\"async\" width=\"1024\" height=\"685\" src=\"https:\/\/www.rehab.se\/wp-content\/uploads\/2025\/07\/pexels-pixabay-275768-1024x685.jpg\" alt=\"\" class=\"wp-image-448\" style=\"aspect-ratio:16\/9;object-fit:cover\" srcset=\"https:\/\/www.rehab.se\/wp-content\/uploads\/2025\/07\/pexels-pixabay-275768-1024x685.jpg 1024w, https:\/\/www.rehab.se\/wp-content\/uploads\/2025\/07\/pexels-pixabay-275768-300x201.jpg 300w, https:\/\/www.rehab.se\/wp-content\/uploads\/2025\/07\/pexels-pixabay-275768-768x514.jpg 768w, https:\/\/www.rehab.se\/wp-content\/uploads\/2025\/07\/pexels-pixabay-275768-1536x1028.jpg 1536w, https:\/\/www.rehab.se\/wp-content\/uploads\/2025\/07\/pexels-pixabay-275768-2048x1371.jpg 2048w\" sizes=\"auto, (max-width: 1024px) 100vw, 1024px\" \/><\/figure>\n\n\n\n<h2 class=\"wp-block-heading\">Ta hand om dig!<\/h2>\n\n\n\n<p>V\u00e5r massageverksamhet riktar sig b\u00e5de till dig som har specifika muskul\u00e4ra besv\u00e4r och till dig som s\u00f6ker avslappning . Behandlingen anpassas efter dina behov. Det kan handla om att minska muskelsp\u00e4nningar, lindra sm\u00e4rta eller fr\u00e4mja \u00e5terh\u00e4mtning efter tr\u00e4ning eller skada.<\/p>\n\n\n\n<p>Massageterapi kan ocks\u00e5 vara en del av rehabilitering och ett komplement till annan behandling. Hos oss m\u00f6ts du av erfarna massageterapeuter med bred kompetens inom olika tekniker och behandlingsformer.<\/p>\n\n\n\n<h3 class=\"wp-block-heading\">Massageterapeut<\/h3>\n\n\n\n<p>Massage 30 min &nbsp; &nbsp; &nbsp; &nbsp; &nbsp; &nbsp; &nbsp; &nbsp; &nbsp; &nbsp; &nbsp; &nbsp; &nbsp; &nbsp; &nbsp; &nbsp; &nbsp;&nbsp;<strong>550:-<\/strong>&nbsp;&nbsp; &nbsp; &nbsp; &nbsp; &nbsp; &nbsp; &nbsp; &nbsp; &nbsp; &nbsp; &nbsp; &nbsp; &nbsp; &nbsp; &nbsp; &nbsp; &nbsp; &nbsp; &nbsp; &nbsp; &nbsp; &nbsp; &nbsp; &nbsp; &nbsp; &nbsp; &nbsp; &nbsp; &nbsp; &nbsp; &nbsp; &nbsp;<br>Massage 45 min &nbsp; &nbsp; &nbsp; &nbsp; &nbsp; &nbsp; &nbsp; &nbsp; &nbsp; &nbsp; &nbsp; &nbsp; &nbsp; &nbsp; &nbsp; &nbsp; &nbsp;&nbsp;<strong>750:-<br><\/strong>Massage 60 min &nbsp; &nbsp; &nbsp; &nbsp; &nbsp; &nbsp; &nbsp; &nbsp; &nbsp; &nbsp; &nbsp; &nbsp; &nbsp; &nbsp; &nbsp; &nbsp; &nbsp;&nbsp;<strong>850:-<\/strong><\/p>\n\n\n\n<p><em><strong>Avbokningsvillkor<\/strong><br>\u00c5terbud till massageterapeut\/kiropraktor skall l\u00e4mnas senast 24 timmar f\u00f6re bokad tid annars debiteras enligt prislista.<\/em><\/p>\n\n\n\n<p>V\u00e4lkommen att kontakta receptionen f\u00f6r att boka tid.<\/p>\n\n\n\n<div style=\"height:30px\" aria-hidden=\"true\" class=\"wp-block-spacer\"><\/div>\n\n\n\n<h2 class=\"wp-block-heading\">V\u00e5ra massageterapeuter<\/h2>\n\n\n<ul class=\"wp-block-latest-posts__list is-grid columns-3 aligncenter utan-rubrik wp-block-latest-posts has-background has-vit-variation-background-color\"><li><a class=\"wp-block-latest-posts__post-title\" href=\"https:\/\/www.rehab.se\/brita-schollin\/\">Brita Sch\u00f6llin<\/a><div class=\"wp-block-latest-posts__post-full-content\"><!-- wp:image {\"id\":515,\"aspectRatio\":\"1\",\"scale\":\"cover\",\"sizeSlug\":\"thumbnail\",\"linkDestination\":\"none\",\"align\":\"center\",\"className\":\"is-style-rounded\"} -->\n<figure class=\"wp-block-image aligncenter size-thumbnail is-style-rounded\"><img loading=\"lazy\" decoding=\"async\" width=\"150\" height=\"150\" src=\"https:\/\/www.rehab.se\/wp-content\/uploads\/2026\/02\/Fyrkantiga-bilder-till-hemsidan-1-150x150.jpg\" alt=\"\" class=\"wp-image-515\" style=\"aspect-ratio:1;object-fit:cover\" srcset=\"https:\/\/www.rehab.se\/wp-content\/uploads\/2026\/02\/Fyrkantiga-bilder-till-hemsidan-1-150x150.jpg 150w, https:\/\/www.rehab.se\/wp-content\/uploads\/2026\/02\/Fyrkantiga-bilder-till-hemsidan-1-300x300.jpg 300w, https:\/\/www.rehab.se\/wp-content\/uploads\/2026\/02\/Fyrkantiga-bilder-till-hemsidan-1-768x768.jpg 768w, https:\/\/www.rehab.se\/wp-content\/uploads\/2026\/02\/Fyrkantiga-bilder-till-hemsidan-1.jpg 944w\" sizes=\"auto, (max-width: 150px) 100vw, 150px\" \/><\/figure>\n<!-- \/wp:image -->\n\n<!-- wp:heading {\"textAlign\":\"center\",\"level\":3} -->\n<h3 class=\"wp-block-heading has-text-align-center\">Brita Sch\u00f6llin<\/h3>\n<!-- \/wp:heading -->\n\n<!-- wp:paragraph {\"align\":\"center\"} -->\n<p class=\"has-text-align-center\">Certifierad Mass\u00f6r\/Dipl massageterapeut<br><\/p>\n<!-- \/wp:paragraph -->\n\n<!-- wp:paragraph {\"align\":\"center\"} -->\n<p class=\"has-text-align-center\"><\/p>\n<!-- \/wp:paragraph --><\/div><\/li>\n<li><a class=\"wp-block-latest-posts__post-title\" href=\"https:\/\/www.rehab.se\/malin-kardevall\/\">Malin Kardevall<\/a><div class=\"wp-block-latest-posts__post-full-content\"><!-- wp:image {\"id\":518,\"aspectRatio\":\"1\",\"scale\":\"cover\",\"sizeSlug\":\"thumbnail\",\"linkDestination\":\"none\",\"align\":\"center\",\"className\":\"is-style-rounded\"} -->\n<figure class=\"wp-block-image aligncenter size-thumbnail is-style-rounded\"><img loading=\"lazy\" decoding=\"async\" width=\"150\" height=\"150\" src=\"https:\/\/www.rehab.se\/wp-content\/uploads\/2026\/02\/Fyrkantiga-bilder-till-hemsidan-150x150.jpg\" alt=\"\" class=\"wp-image-518\" style=\"aspect-ratio:1;object-fit:cover\" srcset=\"https:\/\/www.rehab.se\/wp-content\/uploads\/2026\/02\/Fyrkantiga-bilder-till-hemsidan-150x150.jpg 150w, https:\/\/www.rehab.se\/wp-content\/uploads\/2026\/02\/Fyrkantiga-bilder-till-hemsidan-300x300.jpg 300w, https:\/\/www.rehab.se\/wp-content\/uploads\/2026\/02\/Fyrkantiga-bilder-till-hemsidan-768x768.jpg 768w, https:\/\/www.rehab.se\/wp-content\/uploads\/2026\/02\/Fyrkantiga-bilder-till-hemsidan.jpg 944w\" sizes=\"auto, (max-width: 150px) 100vw, 150px\" \/><\/figure>\n<!-- \/wp:image -->\n\n<!-- wp:heading {\"textAlign\":\"center\",\"level\":3} -->\n<h3 class=\"wp-block-heading has-text-align-center\">Malin Kardevall<\/h3>\n<!-- \/wp:heading -->\n\n<!-- wp:paragraph {\"align\":\"center\"} -->\n<p class=\"has-text-align-center\">Certifierad Mass\u00f6r\/Dipl massageterapeut<\/p>\n<!-- \/wp:paragraph --><\/div><\/li>\n<\/ul>","protected":false},"excerpt":{"rendered":"<p>Ta hand om dig! V\u00e5r massageverksamhet riktar sig b\u00e5de till dig som har specifika muskul\u00e4ra besv\u00e4r och till dig som s\u00f6ker avslappning . Behandlingen anpassas efter dina behov. Det kan handla om att minska muskelsp\u00e4nningar, lindra sm\u00e4rta eller fr\u00e4mja \u00e5terh\u00e4mtning efter tr\u00e4ning eller skada. Massageterapi kan ocks\u00e5 vara en del av rehabilitering och ett komplement &#8230; <a title=\"Massage p\u00e5 T\u00e4by Rehab Center\" class=\"read-more\" href=\"https:\/\/www.rehab.se\/massage\/\" aria-label=\"L\u00e4s mer om Massage p\u00e5 T\u00e4by Rehab Center\">L\u00e4s mer<\/a><\/p>\n","protected":false},"author":1,"featured_media":0,"parent":0,"menu_order":0,"comment_status":"closed","ping_status":"closed","template":"","meta":{"footnotes":""},"class_list":["post-54","page","type-page","status-publish"],"_links":{"self":[{"href":"https:\/\/www.rehab.se\/wp-json\/wp\/v2\/pages\/54","targetHints":{"allow":["GET"]}}],"collection":[{"href":"https:\/\/www.rehab.se\/wp-json\/wp\/v2\/pages"}],"about":[{"href":"https:\/\/www.rehab.se\/wp-json\/wp\/v2\/types\/page"}],"author":[{"embeddable":true,"href":"https:\/\/www.rehab.se\/wp-json\/wp\/v2\/users\/1"}],"replies":[{"embeddable":true,"href":"https:\/\/www.rehab.se\/wp-json\/wp\/v2\/comments?post=54"}],"version-history":[{"count":9,"href":"https:\/\/www.rehab.se\/wp-json\/wp\/v2\/pages\/54\/revisions"}],"predecessor-version":[{"id":845,"href":"https:\/\/www.rehab.se\/wp-json\/wp\/v2\/pages\/54\/revisions\/845"}],"wp:attachment":[{"href":"https:\/\/www.rehab.se\/wp-json\/wp\/v2\/media?parent=54"}],"curies":[{"name":"wp","href":"https:\/\/api.w.org\/{rel}","templated":true}]}}