{"id":56,"date":"2025-07-04T11:56:59","date_gmt":"2025-07-04T09:56:59","guid":{"rendered":"https:\/\/www.rehab.se\/?page_id=56"},"modified":"2026-03-10T15:18:40","modified_gmt":"2026-03-10T14:18:40","slug":"gym","status":"publish","type":"page","link":"https:\/\/www.rehab.se\/gym\/","title":{"rendered":"Ett prisv\u00e4rt gym i T\u00e4by"},"content":{"rendered":"\n<figure class=\"wp-block-gallery has-nested-images columns-default is-cropped wp-block-gallery-1 is-layout-flex wp-block-gallery-is-layout-flex\">\n<figure class=\"wp-block-image size-large\"><img loading=\"lazy\" decoding=\"async\" width=\"1024\" height=\"683\" data-id=\"669\" src=\"https:\/\/www.rehab.se\/wp-content\/uploads\/2026\/02\/TannerydPhotography_251008_0529_webb-1024x683.jpg\" alt=\"\" class=\"wp-image-669\" srcset=\"https:\/\/www.rehab.se\/wp-content\/uploads\/2026\/02\/TannerydPhotography_251008_0529_webb-1024x683.jpg 1024w, https:\/\/www.rehab.se\/wp-content\/uploads\/2026\/02\/TannerydPhotography_251008_0529_webb-300x200.jpg 300w, https:\/\/www.rehab.se\/wp-content\/uploads\/2026\/02\/TannerydPhotography_251008_0529_webb-768x512.jpg 768w, https:\/\/www.rehab.se\/wp-content\/uploads\/2026\/02\/TannerydPhotography_251008_0529_webb.jpg 1500w\" sizes=\"auto, (max-width: 1024px) 100vw, 1024px\" \/><\/figure>\n\n\n\n<figure class=\"wp-block-image size-large\"><img loading=\"lazy\" decoding=\"async\" width=\"1024\" height=\"683\" data-id=\"655\" src=\"https:\/\/www.rehab.se\/wp-content\/uploads\/2026\/02\/TannerydPhotography_251008_0047_webb-1024x683.jpg\" alt=\"\" class=\"wp-image-655\" srcset=\"https:\/\/www.rehab.se\/wp-content\/uploads\/2026\/02\/TannerydPhotography_251008_0047_webb-1024x683.jpg 1024w, https:\/\/www.rehab.se\/wp-content\/uploads\/2026\/02\/TannerydPhotography_251008_0047_webb-300x200.jpg 300w, https:\/\/www.rehab.se\/wp-content\/uploads\/2026\/02\/TannerydPhotography_251008_0047_webb-768x512.jpg 768w, https:\/\/www.rehab.se\/wp-content\/uploads\/2026\/02\/TannerydPhotography_251008_0047_webb.jpg 1500w\" sizes=\"auto, (max-width: 1024px) 100vw, 1024px\" \/><\/figure>\n\n\n\n<figure class=\"wp-block-image size-large\"><img loading=\"lazy\" decoding=\"async\" width=\"1024\" height=\"683\" data-id=\"677\" src=\"https:\/\/www.rehab.se\/wp-content\/uploads\/2026\/02\/TannerydPhotography_251008_0818_webb-1024x683.jpg\" alt=\"\" class=\"wp-image-677\" srcset=\"https:\/\/www.rehab.se\/wp-content\/uploads\/2026\/02\/TannerydPhotography_251008_0818_webb-1024x683.jpg 1024w, https:\/\/www.rehab.se\/wp-content\/uploads\/2026\/02\/TannerydPhotography_251008_0818_webb-300x200.jpg 300w, https:\/\/www.rehab.se\/wp-content\/uploads\/2026\/02\/TannerydPhotography_251008_0818_webb-768x512.jpg 768w, https:\/\/www.rehab.se\/wp-content\/uploads\/2026\/02\/TannerydPhotography_251008_0818_webb.jpg 1500w\" sizes=\"auto, (max-width: 1024px) 100vw, 1024px\" \/><\/figure>\n\n\n\n<figure class=\"wp-block-image size-large\"><img loading=\"lazy\" decoding=\"async\" width=\"1024\" height=\"683\" data-id=\"673\" src=\"https:\/\/www.rehab.se\/wp-content\/uploads\/2026\/02\/TannerydPhotography_251008_0702_webb-1024x683.jpg\" alt=\"\" class=\"wp-image-673\" srcset=\"https:\/\/www.rehab.se\/wp-content\/uploads\/2026\/02\/TannerydPhotography_251008_0702_webb-1024x683.jpg 1024w, https:\/\/www.rehab.se\/wp-content\/uploads\/2026\/02\/TannerydPhotography_251008_0702_webb-300x200.jpg 300w, https:\/\/www.rehab.se\/wp-content\/uploads\/2026\/02\/TannerydPhotography_251008_0702_webb-768x512.jpg 768w, https:\/\/www.rehab.se\/wp-content\/uploads\/2026\/02\/TannerydPhotography_251008_0702_webb.jpg 1500w\" sizes=\"auto, (max-width: 1024px) 100vw, 1024px\" \/><\/figure>\n\n\n\n<figure class=\"wp-block-image size-large\"><img loading=\"lazy\" decoding=\"async\" width=\"1024\" height=\"683\" data-id=\"676\" src=\"https:\/\/www.rehab.se\/wp-content\/uploads\/2026\/02\/TannerydPhotography_251008_0804_webb-1024x683.jpg\" alt=\"\" class=\"wp-image-676\" srcset=\"https:\/\/www.rehab.se\/wp-content\/uploads\/2026\/02\/TannerydPhotography_251008_0804_webb-1024x683.jpg 1024w, https:\/\/www.rehab.se\/wp-content\/uploads\/2026\/02\/TannerydPhotography_251008_0804_webb-300x200.jpg 300w, https:\/\/www.rehab.se\/wp-content\/uploads\/2026\/02\/TannerydPhotography_251008_0804_webb-768x512.jpg 768w, https:\/\/www.rehab.se\/wp-content\/uploads\/2026\/02\/TannerydPhotography_251008_0804_webb.jpg 1500w\" sizes=\"auto, (max-width: 1024px) 100vw, 1024px\" \/><\/figure>\n\n\n\n<figure class=\"wp-block-image size-large\"><img loading=\"lazy\" decoding=\"async\" width=\"1024\" height=\"683\" data-id=\"659\" src=\"https:\/\/www.rehab.se\/wp-content\/uploads\/2026\/02\/TannerydPhotography_251008_0182_webb-1024x683.jpg\" alt=\"\" class=\"wp-image-659\" srcset=\"https:\/\/www.rehab.se\/wp-content\/uploads\/2026\/02\/TannerydPhotography_251008_0182_webb-1024x683.jpg 1024w, https:\/\/www.rehab.se\/wp-content\/uploads\/2026\/02\/TannerydPhotography_251008_0182_webb-300x200.jpg 300w, https:\/\/www.rehab.se\/wp-content\/uploads\/2026\/02\/TannerydPhotography_251008_0182_webb-768x512.jpg 768w, https:\/\/www.rehab.se\/wp-content\/uploads\/2026\/02\/TannerydPhotography_251008_0182_webb.jpg 1500w\" sizes=\"auto, (max-width: 1024px) 100vw, 1024px\" \/><\/figure>\n<\/figure>\n\n\n\n<h2 class=\"wp-block-heading\">T\u00e4by Rehab Center har ett v\u00e4lutrustat gym med gener\u00f6sa \u00f6ppettider<\/h2>\n\n\n\n<p>I v\u00e5rt gym finns allt du beh\u00f6ver f\u00f6r att tr\u00e4na i din egen takt, oavsett om du vill komma ig\u00e5ng med vardagsmotion eller har l\u00e5ng tr\u00e4ningsvana. Lokalerna \u00e4r rymliga, ljusa och v\u00e4lutrustade med b\u00e5de konditionsmaskiner, fria vikter och funktionella redskap.<\/p>\n\n\n\n<p>H\u00e4r tr\u00e4nar du p\u00e5 dina villkor, men med tryggheten av att det alltid finns kompetens n\u00e4ra till hands om du vill ha st\u00f6d, inspiration eller ett tr\u00e4ningsprogram. Gymmet \u00e4r \u00f6ppet f\u00f6r b\u00e5de egen tr\u00e4ning och som en del av din rehabilitering.<\/p>\n\n\n\n<p>Som medlem hos oss har du tillg\u00e5ng till <strong>fri in- och utpassering<\/strong> alla dagar 05.00 \u2013 23.00<\/p>\n\n\n\n<p><strong>Easy Circle tr\u00e4ningen \u00e4r tillg\u00e4ngligt alla v\u00e5ra \u00f6ppettider f\u00f6rutom<\/strong>:<br>Tisdagar 11-12<br>Torsdagar 11-12 &amp; 15-15.45<\/p>\n\n\n\n<h2 class=\"wp-block-heading\">Grupptr\u00e4ning<\/h2>\n\n\n\n<p>Vi erbjuder friv\u00e5rdsgrupper som ing\u00e5r i ditt gymkort. Dessa grupper bokar du via <a href=\"https:\/\/catlog.se\/boka\/\" data-type=\"link\" data-id=\"https:\/\/catlog.se\/boka\/\" target=\"_blank\" rel=\"noreferrer noopener\">mina sidor<\/a>. <\/p>\n\n\n\n<div class=\"wp-block-columns has-rehab-rd-1-color has-global-color-5-background-color has-text-color has-background has-link-color wp-elements-1bafab829cff3508b82724ae8d3f9e6a is-layout-flex wp-container-core-columns-is-layout-9d6595d7 wp-block-columns-is-layout-flex\">\n<div class=\"wp-block-column is-layout-flow wp-block-column-is-layout-flow\">\n<h2 class=\"wp-block-heading has-text-align-center\"><strong>M\u00e5ndag<\/strong><\/h2>\n\n\n\n<p class=\"has-text-align-center\"><strong>L\u00e4ttgympa till musik<\/strong><br><em>Helena Ljunggren <\/em><br><br>10.00-10.45<br><br>Stora salen<em><br><\/em><br><strong>Beskrivning: <br><\/strong>R\u00f6rlighet, balans, styrka, h\u00e5llning och koordination.<br><br>Liggande \u00f6vningar p\u00e5 matta p\u00e5 golvet f\u00f6rekommer, men det fungerar att g\u00f6ra \u00f6vningarna med hj\u00e4lp av en stol om man inte vill g\u00e5 ned p\u00e5 golvet.<\/p>\n<\/div>\n\n\n\n<div class=\"wp-block-column is-layout-flow wp-block-column-is-layout-flow\">\n<h2 class=\"wp-block-heading has-text-align-center\">Tisdag<\/h2>\n\n\n\n<p class=\"has-text-align-center\"><strong>Seniorgympa<\/strong><br><em>Anna Edstr\u00f6m<br><\/em><br>10.00-10.45<br><br>Andrummet<br><br><strong>Beskrivning: <\/strong><strong><br><\/strong>En anpassad tr\u00e4ningsform som utf\u00f6rs sittande p\u00e5 stol och st\u00e4rker muskler, f\u00f6rb\u00e4ttrar r\u00f6rlighet och kondition.<\/p>\n\n\n\n<p class=\"has-text-align-center\">Tr\u00e4ningen passar dig som \u00e4r ovan vid tr\u00e4ning eller vill ha en enklare och mer skonsam tr\u00e4ningsform.<\/p>\n<\/div>\n\n\n\n<div class=\"wp-block-column is-layout-flow wp-block-column-is-layout-flow\">\n<h2 class=\"wp-block-heading has-text-align-center\">Onsdag<\/h2>\n\n\n\n<p class=\"has-text-align-center\"><strong>Cirkeltr\u00e4ning<\/strong><br><em>Patrik Podlipny<br><\/em><br>12.00-12.45<\/p>\n\n\n\n<p class=\"has-text-align-center\">Stora salen<br><br><strong>Beskrivning: <br><\/strong>Stationstr\u00e4ning d\u00e4r vi tr\u00e4nar styrka, kondition, balans och koordination efter egen f\u00f6rm\u00e5ga. <\/p>\n\n\n\n<p class=\"has-text-align-center\">Alla \u00e4r v\u00e4lkomna, \u00f6vningarna anpassas individuellt.<\/p>\n<\/div>\n\n\n\n<div class=\"wp-block-column is-layout-flow wp-block-column-is-layout-flow\">\n<h2 class=\"wp-block-heading has-text-align-center\">Torsdag<\/h2>\n\n\n\n<p class=\"has-text-align-center\"><strong>Seniortr\u00e4ning<\/strong><br><em>Tina Wester<\/em><\/p>\n\n\n\n<p class=\"has-text-align-center\">15.00-15.45<\/p>\n\n\n\n<p class=\"has-text-align-center\">Easy Circle<br><br><strong>Beskrivning: <br><\/strong>Seniortr\u00e4ning i maskiner och p\u00e5 olika stationer. <\/p>\n\n\n\n<p class=\"has-text-align-center\">Drop in. <br>Ingen f\u00f6ranm\u00e4lning kr\u00e4vs.<\/p>\n<\/div>\n\n\n\n<div class=\"wp-block-column is-layout-flow wp-block-column-is-layout-flow\">\n<h2 class=\"wp-block-heading has-text-align-center\">Fredag<\/h2>\n\n\n\n<p class=\"has-text-align-center\"><strong>Stark och smidig<\/strong><br><em>Louise Fred\u00e9n<\/em><\/p>\n\n\n\n<p class=\"has-text-align-center\">10.00-10.45<\/p>\n\n\n\n<p class=\"has-text-align-center\">Stora salen<\/p>\n\n\n\n<p class=\"has-text-align-center\"><strong>Beskrivning: <br><\/strong>Vi tr\u00e4nar v\u00e5r styrka, smidighet och balans i grupp p\u00e5 ett lustfyllt s\u00e4tt till musik. <\/p>\n\n\n\n<p class=\"has-text-align-center\">Vi anv\u00e4nder oss av kroppsvikts\u00f6vningar, gummiband och hantlar som motst\u00e5nd.<\/p>\n<\/div>\n<\/div>\n\n\n\n<p><em>Vi har uppeh\u00e5ll f\u00f6r passen fr\u00e5n mitten av juni till slutet av augusti. \u00c4ven andra uppeh\u00e5ll kan f\u00f6rekomma.<\/em><\/p>\n\n\n\n<h2 class=\"wp-block-heading\">V\u00e5ra olika gymkort<\/h2>\n\n\n\n<h3 class=\"wp-block-heading has-rehab-rd-1-color has-text-color has-link-color wp-elements-9fa31d3e8e117d5b455739543947f23c\"><strong>V\u00e4lkommen att k\u00f6p ditt gymkort i receptionen p\u00e5 T\u00e4by Rehab Center<\/strong><\/h3>\n\n\n\n<h3 class=\"wp-block-heading\">Ordinarie tr\u00e4ningskort<\/h3>\n\n\n\n<p>Medlemskap\/Autogiro&nbsp;<strong>395:-\/m\u00e5nad<\/strong>&nbsp;&nbsp;<br>\u00c5rskort&nbsp;<strong>4 850:-<br><\/strong>6 \u2013 m\u00e5nader&nbsp;<strong>3 350:-<br><\/strong>3 \u2013 m\u00e5nader&nbsp;<strong>2 450:-<\/strong><\/p>\n\n\n\n<h3 class=\"wp-block-heading\">Kv\u00e4ll- och helgskort<\/h3>\n\n\n\n<p>Medlemskap\/Autogiro&nbsp;<strong>300:-\/m\u00e5nad<br><\/strong>\u00c5rskort&nbsp;<strong>3 650:-<\/strong><br>6 \u2013 m\u00e5nader&nbsp;<strong>2 550:-<br><\/strong>3 \u2013 m\u00e5nader&nbsp;<strong>1 850:-<\/strong><\/p>\n\n\n\n<p><strong><em>Kv\u00e4ll- och helgskort g\u00e4ller<\/em><br><\/strong><em>M\u00e5n-fre 05.00-7.30 och 18.00-23.00<\/em><br>L<em>\u00f6r-s\u00f6n 05.00-23.00<\/em><br><em>R\u00f6da dagar och i juli<\/em><\/p>\n\n\n\n<p>Blipp f\u00f6r att f\u00e5 tilltr\u00e4de till gymmet n\u00e4r receptionen \u00e4r obemannad ing\u00e5r i alla medlemskap med autogiro, \u00e5rskort samt kv\u00e4ll- och helgkort.&nbsp;<br><br>*Alla \u00e5rskort och medlemskap med autogiro kan frysas i upp till 2 m\u00e5nader, f\u00f6rdelat p\u00e5 max 2 tillf\u00e4llen. Beg\u00e4ran om frysning skickas via e-post till <a href=\"mailto:frysakort@rehab.se\">frysakort@rehab.se<\/a> senast tv\u00e5 veckor innan \u00f6nskat startdatum. Medlemskapet har 12 m\u00e5naders bindningstid, d\u00e4refter g\u00e4ller 1 m\u00e5nads upps\u00e4gningstid.<\/p>\n\n\n\n<h3 class=\"wp-block-heading\">\u00d6vriga tr\u00e4ningskort<\/h3>\n\n\n\n<p>Gymintroduktion\/Uppf\u00f6ljning<strong>&nbsp;575<\/strong>:-&nbsp; &nbsp;<br>Eng\u00e5ngstr\u00e4ning<strong>&nbsp;175:-&nbsp;&nbsp;<\/strong>&nbsp; &nbsp; &nbsp; &nbsp; &nbsp; &nbsp; &nbsp; &nbsp; &nbsp; &nbsp; &nbsp; &nbsp; &nbsp; &nbsp; &nbsp; &nbsp; &nbsp; &nbsp; &nbsp; &nbsp; &nbsp; &nbsp; &nbsp; &nbsp; &nbsp; &nbsp; &nbsp; &nbsp; &nbsp; &nbsp; &nbsp; &nbsp;<br>10-klippkort (g\u00e4ller endast vardagar &amp; i 12 m\u00e5n)&nbsp;<strong>1 650:-<\/strong><\/p>\n\n\n\n<p>FaR-kort 3 \u2013 m\u00e5nader&nbsp;<strong>995:-<\/strong>&nbsp;&nbsp;<br>Rehab-kort&nbsp;3 \u2013 m\u00e5nader&nbsp;<strong>995:-<\/strong>&nbsp;&nbsp;&nbsp;&nbsp;&nbsp;&nbsp;&nbsp;&nbsp;&nbsp;<\/p>\n","protected":false},"excerpt":{"rendered":"<p>T\u00e4by Rehab Center har ett v\u00e4lutrustat gym med gener\u00f6sa \u00f6ppettider I v\u00e5rt gym finns allt du beh\u00f6ver f\u00f6r att tr\u00e4na i din egen takt, oavsett om du vill komma ig\u00e5ng med vardagsmotion eller har l\u00e5ng tr\u00e4ningsvana. Lokalerna \u00e4r rymliga, ljusa och v\u00e4lutrustade med b\u00e5de konditionsmaskiner, fria vikter och funktionella redskap. H\u00e4r tr\u00e4nar du p\u00e5 dina &#8230; <a title=\"Ett prisv\u00e4rt gym i T\u00e4by\" class=\"read-more\" href=\"https:\/\/www.rehab.se\/gym\/\" aria-label=\"L\u00e4s mer om Ett prisv\u00e4rt gym i T\u00e4by\">L\u00e4s mer<\/a><\/p>\n","protected":false},"author":1,"featured_media":0,"parent":0,"menu_order":0,"comment_status":"closed","ping_status":"closed","template":"","meta":{"footnotes":""},"class_list":["post-56","page","type-page","status-publish"],"_links":{"self":[{"href":"https:\/\/www.rehab.se\/wp-json\/wp\/v2\/pages\/56","targetHints":{"allow":["GET"]}}],"collection":[{"href":"https:\/\/www.rehab.se\/wp-json\/wp\/v2\/pages"}],"about":[{"href":"https:\/\/www.rehab.se\/wp-json\/wp\/v2\/types\/page"}],"author":[{"embeddable":true,"href":"https:\/\/www.rehab.se\/wp-json\/wp\/v2\/users\/1"}],"replies":[{"embeddable":true,"href":"https:\/\/www.rehab.se\/wp-json\/wp\/v2\/comments?post=56"}],"version-history":[{"count":14,"href":"https:\/\/www.rehab.se\/wp-json\/wp\/v2\/pages\/56\/revisions"}],"predecessor-version":[{"id":836,"href":"https:\/\/www.rehab.se\/wp-json\/wp\/v2\/pages\/56\/revisions\/836"}],"wp:attachment":[{"href":"https:\/\/www.rehab.se\/wp-json\/wp\/v2\/media?parent=56"}],"curies":[{"name":"wp","href":"https:\/\/api.w.org\/{rel}","templated":true}]}}