{"id":582,"date":"2026-02-06T11:48:27","date_gmt":"2026-02-06T10:48:27","guid":{"rendered":"https:\/\/www.rehab.se\/?page_id=582"},"modified":"2026-03-10T15:22:45","modified_gmt":"2026-03-10T14:22:45","slug":"ultraljud","status":"publish","type":"page","link":"https:\/\/www.rehab.se\/ultraljud\/","title":{"rendered":"Ultraljud p\u00e5 T\u00e4by Rehab Center"},"content":{"rendered":"\n<figure class=\"wp-block-image size-full\"><img loading=\"lazy\" decoding=\"async\" width=\"1000\" height=\"1360\" src=\"https:\/\/www.rehab.se\/wp-content\/uploads\/2026\/02\/TannerydPhotography_251008_0041_webb-1-e1770895984811.jpg\" alt=\"\" class=\"wp-image-713\" style=\"aspect-ratio:16\/9;object-fit:cover\" srcset=\"https:\/\/www.rehab.se\/wp-content\/uploads\/2026\/02\/TannerydPhotography_251008_0041_webb-1-e1770895984811.jpg 1000w, https:\/\/www.rehab.se\/wp-content\/uploads\/2026\/02\/TannerydPhotography_251008_0041_webb-1-e1770895984811-221x300.jpg 221w, https:\/\/www.rehab.se\/wp-content\/uploads\/2026\/02\/TannerydPhotography_251008_0041_webb-1-e1770895984811-753x1024.jpg 753w, https:\/\/www.rehab.se\/wp-content\/uploads\/2026\/02\/TannerydPhotography_251008_0041_webb-1-e1770895984811-768x1044.jpg 768w\" sizes=\"auto, (max-width: 1000px) 100vw, 1000px\" \/><\/figure>\n\n\n\n<h2 class=\"wp-block-heading\">Ultraljudsbed\u00f6mning av r\u00f6relseapparaten<\/h2>\n\n\n\n<p>Vi erbjuder kvalificerade ultraljudsbed\u00f6mningar av r\u00f6relseapparaten som ett komplement till den kliniska unders\u00f6kningen d\u00e4r v\u00e4vnadsskada misst\u00e4nks. Unders\u00f6kningarna utf\u00f6rs av Nicklas Rudman, legitimerad fysioterapeut med formell specialistkompetens och l\u00e5ng klinisk erfarenhet.<\/p>\n\n\n\n<p>Remisser f\u00f6r ultraljudsbed\u00f6mning fr\u00e5n legitimerad personal inom v\u00e5rdkedjan tas tacksamt emot. V\u00e4lkommen!<\/p>\n\n\n\n<p>Hos oss f\u00e5r du tr\u00e4ffa <strong>Niklas Rudman<\/strong><\/p>\n\n\n\n<figure class=\"wp-block-image size-large is-resized\"><img loading=\"lazy\" decoding=\"async\" width=\"1024\" height=\"261\" src=\"https:\/\/www.rehab.se\/wp-content\/uploads\/2026\/03\/RS_symbol_uppdrag_svart_RGB-1024x261.png\" alt=\"\" class=\"wp-image-787\" style=\"aspect-ratio:3.9235485034258923;width:234px;height:auto\" srcset=\"https:\/\/www.rehab.se\/wp-content\/uploads\/2026\/03\/RS_symbol_uppdrag_svart_RGB-1024x261.png 1024w, https:\/\/www.rehab.se\/wp-content\/uploads\/2026\/03\/RS_symbol_uppdrag_svart_RGB-300x77.png 300w, https:\/\/www.rehab.se\/wp-content\/uploads\/2026\/03\/RS_symbol_uppdrag_svart_RGB-768x196.png 768w, https:\/\/www.rehab.se\/wp-content\/uploads\/2026\/03\/RS_symbol_uppdrag_svart_RGB-1536x392.png 1536w, https:\/\/www.rehab.se\/wp-content\/uploads\/2026\/03\/RS_symbol_uppdrag_svart_RGB-2048x523.png 2048w\" sizes=\"auto, (max-width: 1024px) 100vw, 1024px\" \/><\/figure>\n\n\n\n<div style=\"height:30px\" aria-hidden=\"true\" class=\"wp-block-spacer\"><\/div>\n\n\n\n<h2 class=\"wp-block-heading\">Om <strong>Niklas Rudman<\/strong><\/h2>\n\n\n\n<figure class=\"wp-block-image size-medium is-style-rounded\"><img loading=\"lazy\" decoding=\"async\" width=\"300\" height=\"300\" src=\"https:\/\/www.rehab.se\/wp-content\/uploads\/2025\/07\/Nicklas-_2ba36ae4-Img8085-scaled-e1771508937447-300x300.jpg\" alt=\"\" class=\"wp-image-745\" srcset=\"https:\/\/www.rehab.se\/wp-content\/uploads\/2025\/07\/Nicklas-_2ba36ae4-Img8085-scaled-e1771508937447-300x300.jpg 300w, https:\/\/www.rehab.se\/wp-content\/uploads\/2025\/07\/Nicklas-_2ba36ae4-Img8085-scaled-e1771508937447-1024x1024.jpg 1024w, https:\/\/www.rehab.se\/wp-content\/uploads\/2025\/07\/Nicklas-_2ba36ae4-Img8085-scaled-e1771508937447-150x150.jpg 150w, https:\/\/www.rehab.se\/wp-content\/uploads\/2025\/07\/Nicklas-_2ba36ae4-Img8085-scaled-e1771508937447-768x768.jpg 768w, https:\/\/www.rehab.se\/wp-content\/uploads\/2025\/07\/Nicklas-_2ba36ae4-Img8085-scaled-e1771508937447-1536x1536.jpg 1536w, https:\/\/www.rehab.se\/wp-content\/uploads\/2025\/07\/Nicklas-_2ba36ae4-Img8085-scaled-e1771508937447.jpg 1707w\" sizes=\"auto, (max-width: 300px) 100vw, 300px\" \/><\/figure>\n\n\n\n<p><strong>Fokusomr\u00e5den: <\/strong>Ultraljudsdiagnostik, idrotts- och motionsskador, led\/muskel, styrketr\u00e4ning, barn\/ungdom.<\/p>\n\n\n\n<p>Nicklas har arbetat med diagnostiskt muskuloskeletalt ultraljud sedan 2010, med ett femsiffrigt antal genomf\u00f6rda unders\u00f6kningar. Ut\u00f6ver mottagningen hos oss p\u00e5 T\u00e4by Rehab Center bedrivs \u00e4ven konsultverksamhet p\u00e5 en ortopedisk\/idrottsmedicinsk mottagning i centrala Stockholm med ultraljudsbed\u00f6mningar samt guidade interventioner tillsammans med l\u00e4kare.<\/p>\n","protected":false},"excerpt":{"rendered":"<p>Ultraljudsbed\u00f6mning av r\u00f6relseapparaten Vi erbjuder kvalificerade ultraljudsbed\u00f6mningar av r\u00f6relseapparaten som ett komplement till den kliniska unders\u00f6kningen d\u00e4r v\u00e4vnadsskada misst\u00e4nks. Unders\u00f6kningarna utf\u00f6rs av Nicklas Rudman, legitimerad fysioterapeut med formell specialistkompetens och l\u00e5ng klinisk erfarenhet. Remisser f\u00f6r ultraljudsbed\u00f6mning fr\u00e5n legitimerad personal inom v\u00e5rdkedjan tas tacksamt emot. V\u00e4lkommen! Hos oss f\u00e5r du tr\u00e4ffa Niklas Rudman Om Niklas Rudman &#8230; <a title=\"Ultraljud p\u00e5 T\u00e4by Rehab Center\" class=\"read-more\" href=\"https:\/\/www.rehab.se\/ultraljud\/\" aria-label=\"L\u00e4s mer om Ultraljud p\u00e5 T\u00e4by Rehab Center\">L\u00e4s mer<\/a><\/p>\n","protected":false},"author":1,"featured_media":0,"parent":0,"menu_order":0,"comment_status":"closed","ping_status":"closed","template":"","meta":{"footnotes":""},"class_list":["post-582","page","type-page","status-publish"],"_links":{"self":[{"href":"https:\/\/www.rehab.se\/wp-json\/wp\/v2\/pages\/582","targetHints":{"allow":["GET"]}}],"collection":[{"href":"https:\/\/www.rehab.se\/wp-json\/wp\/v2\/pages"}],"about":[{"href":"https:\/\/www.rehab.se\/wp-json\/wp\/v2\/types\/page"}],"author":[{"embeddable":true,"href":"https:\/\/www.rehab.se\/wp-json\/wp\/v2\/users\/1"}],"replies":[{"embeddable":true,"href":"https:\/\/www.rehab.se\/wp-json\/wp\/v2\/comments?post=582"}],"version-history":[{"count":9,"href":"https:\/\/www.rehab.se\/wp-json\/wp\/v2\/pages\/582\/revisions"}],"predecessor-version":[{"id":841,"href":"https:\/\/www.rehab.se\/wp-json\/wp\/v2\/pages\/582\/revisions\/841"}],"wp:attachment":[{"href":"https:\/\/www.rehab.se\/wp-json\/wp\/v2\/media?parent=582"}],"curies":[{"name":"wp","href":"https:\/\/api.w.org\/{rel}","templated":true}]}}